True
Does 1370 divide 21607257?
False
Is 766 a factor of 48831047?
False
Is 61 a factor of 88328000?
True
Does 358 divide 85986588?
True
Does 35 divide 58411261?
False
Is 2657716 a multiple of 14?
False
Is 8 a factor of 144535172?
False
Does 37 divide 781358748?
True
Does 258 divide 269932357?
False
Is 1607996182 a multiple of 19?
True
Is 23427525 a multiple of 25?
True
Does 5020 divide 674627552?
False
Is 55 a factor of 280722070?
False
Is 9 a factor of 17283366?
True
Does 1846 divide 287770807?
False
Is 61 a factor of 40219130?
True
Is 247817286 a multiple of 634?
True
Is 221760924 a multiple of 138?
False
Is 11 a factor of 1177793561?
False
Is 411 a factor of 48786886?
False
Is 24962656 a multiple of 608?
True
Is 108 a factor of 1712286798?
False
Is 69098857 a multiple of 6?
False
Does 11 divide 51891914?
False
Is 656032232 a multiple of 3904?
False
Is 60985840 a multiple of 1552?
True
Does 13 divide 375448164?
True
Is 402 a factor of 1397925252?
True
Is 76211616 a multiple of 78?
True
Is 1310052588 a multiple of 89?
True
Is 470 a factor of 80862560?
True
Does 31 divide 166772660?
False
Is 2038 a factor of 217658298?
False
Does 2012 divide 177237080?
True
Is 193227940 a multiple of 40?
False
Is 939616307 a multiple of 190?
False
Is 4193030613 a multiple of 633?
True
Is 108326477 even?
False
Is 216 a factor of 1277208?
True
Is 78 a factor of 3109860?
True
Is 26 a factor of 214177801?
False
Is 31377227 a multiple of 141?
False
Is 13067035 a multiple of 40?
False
Is 16634045 a multiple of 45?
False
Is 278 a factor of 39769290?
True
Does 580 divide 35627080?
True
Is 3440 a factor of 254170221?
False
Does 2327 divide 398454934?
False
Is 1778725672 a multiple of 7162?
True
Is 28 a factor of 987808836?
True
Is 14 a factor of 516236?
True
Is 165344240 a multiple of 10?
True
Does 109 divide 393956934?
False
Does 58 divide 109954107?
False
Does 15 divide 128798202?
False
Does 2010 divide 94670030?
False
Is 14691862 a multiple of 26?
False
Is 44 a factor of 1329751720?
True
Does 5235 divide 1426463772?
False
Is 17 a factor of 43950309?
False
Is 652188 a multiple of 92?
True
Is 2456 a factor of 51196433?
False
Does 10 divide 4106489?
False
Is 606131396 a multiple of 68?
True
Is 20839840 a multiple of 28?
True
Is 16 a factor of 223826624?
True
Is 22776737 a multiple of 106?
False
Is 776 a factor of 381577048?
True
Is 181 a factor of 84616414?
True
Is 414 a factor of 3021676?
False
Is 7516 a factor of 1948177264?
True
Does 1798 divide 14281514?
True
Is 70 a factor of 954439822?
False
Is 6 a factor of 34348124?
False
Is 65783270 a multiple of 5?
True
Does 18 divide 5751540?
True
Is 13 a factor of 3967379?
True
Does 271 divide 119518317?
True
Is 4360 a factor of 30658013?
False
Is 3 a factor of 21330372?
True
Is 320856547 a multiple of 69?
False
Is 11 a factor of 153910858?
False
Is 316 a factor of 104565093?
False
Is 30 a factor of 43487163?
False
Does 41 divide 73774695?
False
Is 3617 a factor of 1623919306?
False
Is 127009965 a multiple of 19?
True
Is 18175472 a multiple of 194?
True
Is 4206770 a multiple of 8?
False
Is 5 a factor of 31202382?
False
Does 13 divide 3759838650?
False
Is 78931520 a multiple of 8?
True
Does 8 divide 5802445?
False
Is 24 a factor of 77719378?
False
Does 12 divide 75353598?
False
Does 3396 divide 572970493?
False
Is 164 a factor of 22755492?
True
Does 964 divide 433444175?
False
Is 99870448 a multiple of 824?
True
Is 1957 a factor of 1632436969?
False
Is 116819068 a multiple of 68?
False
Is 1492 a factor of 3069623405?
False
Does 11 divide 6818152?
True
Is 10 a factor of 24655570?
True
Is 20 a factor of 1259896240?
True
Does 12 divide 253820793?
False
Is 38 a factor of 35284748?
True
Is 10120200 a multiple of 5?
True
Is 6029208 a multiple of 9?
True
Is 26 a factor of 72761806?
True
Is 1920 a factor of 12299520?
True
Is 10 a factor of 45588803?
False
Is 38717260 a multiple of 29?
False
Is 61 a factor of 972165377?
False
Does 4187 divide 386401482?
True
Is 14 a factor of 1967632030?
True
Does 18 divide 92332224?
True
Is 1917378861 a multiple of 80?
False
Is 26 a factor of 5089573170?
False
Is 66 a factor of 550306416?
True
Is 40450600 a multiple of 201?
False
Does 943 divide 174611538?
True
Does 35 divide 54931936?
False
Is 779036 a multiple of 8?
False
Is 16641233 a multiple of 49?
True
Is 1714112820 a multiple of 3955?
True
Is 171 a factor of 6556140?
True
Does 228 divide 55004544?
True
Does 17 divide 82053492?
True
Is 22847118 a multiple of 324?
False
Does 278 divide 318479575?
False
Is 459 a factor of 162476024?
False
Is 7 a factor of 154051788?
False
Is 755640 a multiple of 15?
True
Does 6 divide 25950254?
False
Is 373799244 a multiple of 3714?
True
Is 966634864 a multiple of 8?
True
Does 35 divide 44061955?
True
Is 176767364 a multiple of 487?
True
Is 98279324 a multiple of 1708?
False
Is 3065654736 a multiple of 1552?
True
Does 14 divide 373180188?
False
Does 4 divide 15974192?
True
Does 65 divide 520154455?
False
Is 141231129 a multiple of 2291?
False
Does 205 divide 19206245?
True
Does 333 divide 2039061564?
True
Is 15 a factor of 92749428?
False
Is 3639577086 a multiple of 46?
True
Is 2458 a factor of 78265577?
False
Does 419 divide 1539584317?
False
Does 409 divide 2295298013?
False
Does 18 divide 1235310236?
False
Does 8 divide 119732761?
False
Is 49 a factor of 3526174079?
False
Is 330 a factor of 17832231?
False
Does 499 divide 37327059?
False
Is 1705280475 a multiple of 2175?
True
Is 709448847 a multiple of 1223?
True
Is 41634016 a multiple of 152?
True
Does 9 divide 18094698?
True
Is 47493050 a multiple of 550?
True
Is 43314192 a multiple of 248?
True
Is 10929266 a multiple of 47?
False
Does 15 divide 32437410?
True
Is 21 a factor of 985566750?
True
Does 14 divide 22214780?
True
Is 32 a factor of 4714528?
True
Does 204 divide 162871968?
True
Is 38 a factor of 37555248?
True
Does 2051 divide 32171091?
False
Is 4 a factor of 2101492?
True
Is 60 a factor of 5750891?
False
Is 184638056 a multiple of 346?
True
Is 122259290 a multiple of 3?
False
Is 36 a factor of 1673053?
False
Does 29 divide 260607079?
True
Is 1042 a factor of 134192785?
False
Is 773 a factor of 221003019?
True
Is 2660804207 a multiple of 1715?
False
Is 36 a factor of 30098778?
False
Does 36 divide 121530636?
True
Is 125 a factor of 64709875?
True
Is 83 a factor of 279813122?
False
Does 1302 divide 5540010?
True
Is 51594026 a multiple of 6?
False
Does 296 divide 18357545?
False
Is 1158 a factor of 62344788?
False
Is 1236 a factor of 12562321?
False
Is 4549722 a multiple of 138?
True
Is 1071922782 a multiple of 4952?
False
Is 3206 a factor of 134331400?
True
Is 173237886 a multiple of 69?
True
Is 511 a factor of 1196633739?
True
Is 475931760 a multiple of 8?
True
Does 188 divide 2578156456?
False
Is 7 a factor of 40492361?
True
Is 18 a factor of 9506520?
True
Is 39786852 a multiple of 12?
True
Is 179857650 a multiple of 150?
True
Is 4165201641 a multiple of 5377?
True
Does 452 divide 202708661?
False
Does 16 divide 238746641?
False
Is 470 a factor of 803468290?
True
Is 626897488 a multiple of 356?
True
Does 10 divide 306457760?
True
Is 36640626 a multiple of 2874?
True
Is 419 a factor of 125537702?
False
Does 1176 divide 645664375?
False
Is 54731315 a multiple of 3?
False
Is 18613105 a multiple of 11?
False
Is 107 a factor of 301448211?
True
Does 91 divide 635580309?
True
Is 661875 a multiple of 125?
True
Is 122 a factor of 111996366?
True
Is 198 a factor of 199385743?
False
Is 1437486610 a multiple of 19?
True
Is 1183797828 a multiple of 12?
True
Is 7792 a factor of 224736980?
False
Is 154522181 a multiple of 58?
False
Is 53384419 a multiple of 2339?
False
Does 385 divide 70900445?
True
Is 14 a factor of 26059026?
True
Is 72657060 a multiple of 140?
True
Does 47 divide 33159695?
False
Is 1867473348 a multiple of 26?
True
Is 598133355 a multiple of 2703?
True
Is 24 a factor of 272392272?
True
Is 66 a factor of 18128946?
True
Does 595 divide 3781894525?
False
Is 94395 a multiple of 35?
True
Is 243005136 a multiple of 5016?
True
Is 317824839 a multiple of 525?
False
Does 42 divide 78249030?
False
Is 27 a factor of 67697274?
False
Is 23329215 a multiple of 1053?
True
Is 42 a factor of 1747323522?
True
Is 25257359 a multiple of 1559?
True
Is 49 a fa